ate the greatest common factor of 24479 and 481.
13
What is the highest common divisor of 563609 and 11309?
263
Calculate the greatest common divisor of 10300 and 2900.
100
What is the greatest common factor of 354 and 1053327?
177
What is the highest common factor of 272844 and 13?
13
What is the greatest common factor of 14664 and 42159?
1833
Calculate the greatest common factor of 487367 and 41.
41
Calculate the greatest common factor of 14 and 213094.
14
Calculate the highest common factor of 775430 and 10.
10
Calculate the greatest common divisor of 1735 and 4935.
5
Calculate the highest common factor of 483 and 30639.
21
Calculate the highest common divisor of 32696 and 244.
244
Calculate the greatest common factor of 67 and 79663.
67
Calculate the highest common divisor of 79950 and 1690.
130
Calculate the greatest common divisor of 1410563 and 539.
539
What is the highest common factor of 117908 and 14?
14
Calculate the highest common factor of 45 and 58284.
9
What is the highest common divisor of 732 and 16348?
244
What is the greatest common divisor of 2022 and 21?
3
What is the highest common factor of 675 and 373800?
75
Calculate the highest common factor of 6948 and 156.
12
Calculate the highest common factor of 45854 and 75818.
454
Calculate the greatest common divisor of 3828 and 2676.
12
What is the highest common factor of 6386 and 3811?
103
What is the highest common factor of 116661 and 37?
37
Calculate the highest common divisor of 2905596 and 172.
172
Calculate the highest common divisor of 496 and 1368.
8
Calculate the highest common factor of 840 and 102620.
140
Calculate the greatest common divisor of 1668 and 76.
4
Calculate the greatest common divisor of 5311 and 846.
47
What is the greatest common divisor of 7602 and 630?
42
Calculate the highest common factor of 77 and 79429.
7
What is the highest common factor of 792 and 3528?
72
What is the greatest common factor of 81 and 191781?
27
Calculate the greatest common divisor of 44 and 25444.
4
Calculate the highest common factor of 8636 and 1700.
68
Calculate the greatest common divisor of 212364 and 1224.
612
Calculate the greatest common divisor of 392840 and 4255.
115
What is the highest common factor of 356 and 4627288?
356
What is the highest common factor of 547816 and 88?
8
Calculate the greatest common factor of 648 and 666.
18
What is the greatest common factor of 130 and 753230?
10
What is the highest common factor of 463089 and 33?
33
Calculate the highest common factor of 94785 and 568.
71
Calculate the greatest common factor of 17450 and 50.
50
What is the greatest common divisor of 61854 and 442?
26
Calculate the greatest common factor of 220 and 107470.
110
Calculate the greatest common divisor of 73125 and 117.
117
What is the highest common divisor of 10 and 49310?
10
What is the greatest common divisor of 10138 and 195910?
274
Calculate the highest common factor of 66560 and 7150.
130
Calculate the highest common factor of 891 and 395307.
297
Calculate the greatest common factor of 1446 and 17137992.
1446
What is the greatest common factor of 105 and 121107?
21
What is the greatest common divisor of 200226 and 6?
6
What is the highest common factor of 42045 and 465?
15
What is the highest common factor of 253 and 41239?
253
Calculate the highest common factor of 638 and 280198.
58
What is the highest common divisor of 74 and 47582?
74
Calculate the greatest common factor of 15825023 and 103.
103
Calculate the greatest common factor of 1711 and 8033.
29
Calculate the greatest common divisor of 33583 and 10879.
473
What is the highest common divisor of 82048 and 17307?
641
What is the highest common factor of 36 and 1726728?
12
What is the highest common divisor of 171 and 121011?
57
Calculate the greatest common divisor of 8043 and 9723.
21
What is the highest common factor of 64435 and 23407?
263
Calculate the greatest common divisor of 18 and 31542.
6
What is the highest common divisor of 351 and 3132?
27
What is the highest common divisor of 637011 and 54?
27
What is the highest common factor of 7087 and 5567?
19
Calculate the highest common factor of 74 and 16946.
74
What is the highest common divisor of 492 and 333248?
164
What is the highest common divisor of 27 and 3411?
9
What is the greatest common divisor of 231815 and 4615?
355
Calculate the highest common divisor of 382 and 2606386.
382
What is the greatest common factor of 13185 and 765?
45
What is the highest common factor of 5858 and 54578?
58
Calculate the greatest common divisor of 12320 and 322.
14
What is the greatest common divisor of 5367712 and 124?
124
Calculate the greatest common factor of 720 and 29710.
10
What is the highest common divisor of 78 and 532311?
39
Calculate the greatest common factor of 13025 and 800.
25
What is the highest common factor of 363 and 6382629?
363
What is the highest common factor of 38 and 221806?
38
Calculate the highest common divisor of 17825 and 27025.
575
Calculate the highest common divisor of 7140 and 122740.
340
Calculate the greatest common factor of 98658 and 18.
18
Calculate the greatest common divisor of 352 and 4708.
44
Calculate the highest common factor of 560 and 815.
5
Calculate the greatest common divisor of 4349335 and 311.
311
What is the highest common factor of 1800 and 782400?
600
Calculate the highest common factor of 78 and 54.
6
Calculate the highest common divisor of 163685 and 475.
95
What is the highest common factor of 47203 and 91?
13
What is the highest common factor of 1838 and 19098658?
1838
What is the highest common factor of 631351 and 133?
133
Calculate the highest common factor of 21 and 279258.
21
Calculate the highest common factor of 33243 and 33.
3
What is the greatest common factor of 9790 and 9345?
445
What is the highest common factor of 93884 and 9101?
479
What is the highest common factor of 96894 and 112?
14
Calculate the highest common factor of 152368 and 9968.
1424
What is the greatest common factor of 339 and 107689?
113
Calculate the greatest common divisor of 310 and 1813965.
155
Calculate the highest common factor of 3016 and 3068.
52
Calculate the greatest common divisor of 42 and 68082.
42
Calculate the greatest common factor of 155 and 549785.
155
What is the greatest common divisor of 8684 and 181696?
668
What is the greatest common divisor of 1620 and 14232?
12
What is the highest common divisor of 41872 and 16?
16
Calculate the highest common factor of 12261 and 12864.
201
Calculate the highest common factor of 1199865 and 82.
41
Calculate the greatest common divisor of 60 and 16300.
20
What is the highest common factor of 353 and 3?
1
What is the highest common factor of 36 and 2692?
4
Calculate the highest common divisor of 2025 and 11250.
225
What is the greatest common factor of 31 and 1375687?
31
Calculate the highest common divisor of 5082 and 7260.
726
Calculate the greatest common divisor of 56 and 185598.
14
What is the greatest common factor of 170 and 1355?
5
Calculate the highest common factor of 1312 and 79376.
656
Calculate the highest common divisor of 32376 and 3648.
456
What is the greatest common divisor of 80440 and 80?
40
What is the greatest common divisor of 1053 and 20202?
39
What is the greatest common divisor of 10 and 2987590?
10
Calculate the highest common divisor of 32524 and 7266.
346
What is the greatest common divisor of 798426 and 18?
18
Calculate the greatest common factor of 15 and 533145.
15
Calculate the greatest common factor of 8897 and 159572.
287
What is the greatest common divisor of 49025 and 175?
25
Calculate the greatest common divisor of 3911589 and 9.
9
What is the greatest common factor of 41 and 1105319?
41
Calculate the highest common divisor of 630533 and 177.
59
Calculate the highest common divisor of 1 and 684617.
1
Calculate the greatest common divisor of 340 and 4690.
10
Calculate the highest common divisor of 125 and 164875.
125
What is the highest common factor of 187845 and 35?
35
What is the highest common divisor of 352 and 589072?
176
Calculate the highest common divisor of 9099 and 36059.
337
Calculate the highest common factor of 2301 and 2613.
39
Calculate the greatest common factor of 19 and 835829.
19
Calculate the g